t the prime factors of 50053447.
4817, 10391
List the prime factors of 1111883893.
1111883893
What are the prime factors of 608725970?
2, 5, 17, 571, 6271
List the prime factors of 611223352.
2, 76402919
List the prime factors of 147943509.
3, 7, 2591, 2719
List the prime factors of 2130171486.
2, 3, 311, 1141571
What are the prime factors of 1310841420?
2, 3, 5, 7, 3121051
What are the prime factors of 2380144939?
31, 76778869
List the prime factors of 152835726.
2, 3, 103, 223, 1109
List the prime factors of 3899910102.
2, 3, 11, 5371777
What are the prime factors of 1339593610?
2, 5, 409, 327529
What are the prime factors of 722447402?
2, 17, 311, 4019
List the prime factors of 40420413.
3, 11, 37117
What are the prime factors of 323980338?
2, 3, 11, 4908793
List the prime factors of 597897472.
2, 19, 83, 1481
List the prime factors of 469243337.
3169, 148073
List the prime factors of 86872714.
2, 43436357
List the prime factors of 21990058.
2, 523, 21023
What are the prime factors of 24980031?
3, 2775559
What are the prime factors of 389225554?
2, 107, 521, 3491
List the prime factors of 6310777544.
2, 2251, 350443
List the prime factors of 47184382.
2, 7, 3370313
List the prime factors of 32024857.
32024857
What are the prime factors of 175718571?
3, 7, 31, 47, 5743
What are the prime factors of 79412551?
79412551
List the prime factors of 678302520.
2, 3, 5, 7, 197, 4099
What are the prime factors of 662681424?
2, 3, 13805863
List the prime factors of 105792287.
37, 2859251
List the prime factors of 7677445.
5, 1535489
List the prime factors of 34722630.
2, 3, 5, 193, 1999
What are the prime factors of 3400495209?
3, 197, 639311
What are the prime factors of 2292913?
7, 327559
What are the prime factors of 1155443450?
2, 5, 7, 3301267
What are the prime factors of 22200407?
37, 600011
List the prime factors of 24887902.
2, 13, 37, 41, 631
What are the prime factors of 52283643?
3, 17427881
List the prime factors of 2328357678.
2, 3, 61, 79, 80527
What are the prime factors of 39945882?
2, 3, 43, 107, 1447
List the prime factors of 218997046.
2, 109498523
What are the prime factors of 818089317?
3, 17, 5346989
What are the prime factors of 186106811?
11, 149, 271, 419
List the prime factors of 28653905.
5, 7, 818683
List the prime factors of 79001020.
2, 5, 7, 31, 109, 167
What are the prime factors of 432207925?
5, 17288317
List the prime factors of 19632863.
19632863
What are the prime factors of 584189683?
7, 11, 17, 67, 6661
What are the prime factors of 24784290?
2, 3, 5, 113, 2437
What are the prime factors of 4543002316?
2, 1135750579
What are the prime factors of 783982519?
53, 14792123
What are the prime factors of 155469600?
2, 3, 5, 11, 13, 151
What are the prime factors of 64210401?
3, 53, 14957
List the prime factors of 27950324.
2, 113, 61837
What are the prime factors of 1579291064?
2, 13, 137, 199, 557
What are the prime factors of 614669177?
5297, 116041
What are the prime factors of 2541067063?
45343, 56041
List the prime factors of 14873240.
2, 5, 371831
What are the prime factors of 109321785?
3, 5, 41, 19751
What are the prime factors of 4480540898?
2, 19, 23, 107, 47911
List the prime factors of 408698359.
43, 9504613
List the prime factors of 154424010.
2, 3, 5, 13, 395959
List the prime factors of 1381274589.
3, 460424863
What are the prime factors of 464353693?
23, 20189291
What are the prime factors of 30419647?
17, 1789391
List the prime factors of 2231344099.
491, 4544489
List the prime factors of 2918483502.
2, 3, 11, 109, 405683
List the prime factors of 365218225.
5, 17, 547, 1571
What are the prime factors of 826191642?
2, 3, 71, 127, 15271
What are the prime factors of 123599794?
2, 103, 599999
List the prime factors of 1128407130.
2, 3, 5, 17, 31, 37, 643
What are the prime factors of 680199775?
5, 1987, 13693
What are the prime factors of 2977186024?
2, 372148253
What are the prime factors of 1437760719?
3, 53250397
What are the prime factors of 11674345?
5, 811, 2879
List the prime factors of 24118849.
47, 513167
What are the prime factors of 1123894?
2, 561947
What are the prime factors of 298245532?
2, 13, 281, 20411
What are the prime factors of 2659317424?
2, 11551, 14389
List the prime factors of 15378749.
223, 68963
List the prime factors of 707128833.
3, 19, 751, 16519
What are the prime factors of 40474965?
3, 5, 2698331
List the prime factors of 641052597.
3, 213684199
What are the prime factors of 36839942?
2, 2663, 6917
What are the prime factors of 664743103?
664743103
List the prime factors of 75818246.
2, 7, 19, 285031
List the prime factors of 159907475.
5, 7, 13, 70289
List the prime factors of 46601246.
2, 31, 751633
List the prime factors of 43266707.
11, 3933337
List the prime factors of 4514156761.
17, 6379, 41627
What are the prime factors of 6038833?
113, 53441
List the prime factors of 6019420812.
2, 3, 167, 3003703
What are the prime factors of 33155924?
2, 43, 192767
List the prime factors of 184262312.
2, 13, 1093, 1621
List the prime factors of 226548951.
3, 19, 227, 17509
List the prime factors of 291883943.
13, 22452611
List the prime factors of 411773691.
3, 7, 19608271
List the prime factors of 264527578.
2, 7, 37, 72953
What are the prime factors of 41965574?
2, 7, 181, 16561
What are the prime factors of 22716162?
2, 3, 7, 180287
What are the prime factors of 6303095043?
3, 7, 3361, 89303
What are the prime factors of 190824108?
2, 3, 271, 58679
List the prime factors of 480259269.
3, 7, 7623163
List the prime factors of 1853140142.
2, 7, 9239, 14327
List the prime factors of 20537496.
2, 3, 7, 17, 47
List the prime factors of 3170973391.
109, 2713, 10723
List the prime factors of 47725591.
47725591
What are the prime factors of 1244165767?
13, 83, 1153073
List the prime factors of 196874408.
2, 67, 89, 4127
What are the prime factors of 1865580533?
97, 19232789
What are the prime factors of 25213160?
2, 5, 7, 53, 1699
List the prime factors of 782483597.
7, 29, 550657
List the prime factors of 2319404029.
2319404029
List the prime factors of 345250130.
2, 5, 2213, 15601
List the prime factors of 973257806.
2, 29, 61, 275087
What are the prime factors of 934227244?
2, 157, 1487623
What are the prime factors of 205582659?
3, 191, 358783
List the prime factors of 141034615.
5, 2389, 11807
List the prime factors of 919883089.
919883089
List the prime factors of 91391657.
7, 13055951
What are the prime factors of 219552454?
2, 11, 677, 14741
List the prime factors of 1989295988.
2, 497323997
What are the prime factors of 2897345143?
7, 11, 193, 194963
What are the prime factors of 79423923?
3, 3413, 7757
What are the prime factors of 106198382?
2, 53099191
What are the prime factors of 6045017376?
2, 3, 37, 1063, 1601
List the prime factors of 862605227.
11, 139, 564163
List the prime factors of 68644555.
5, 7, 17, 43, 2683
What are the prime factors of 5146631437?
3779, 1361903
What are the prime factors of 68810001?
3, 13, 19, 92861
What are the prime factors of 614689074?
2, 3, 3794377
What are the prime factors of 2206506?
2, 3, 367751
What are the prime factors of 121292090?
2, 5, 53, 228853
List the prime factors of 71313040.
2, 5, 127, 7019
List the prime factors of 117994972.
2, 2939, 10037
What are the prime factors of 1218043153?
1218043153
What are the prime factors of 1400357796?
2, 3, 17, 37, 185527
List the prime factors of 1537886862.
2, 3, 571, 149629
List the prime factors of 585247132.
2, 73, 2004271
List the prime factors of 368662193.
23, 16028791
List the prime factors of 6320970416.
2, 43, 9187457
List the prime factors of 1871586590.
2, 5, 23, 8137333
List the prime factors of 267876954.
2, 3, 14882053
List the prime factors of 8945510.
2, 5, 7, 47, 2719
What are the prime factors of 293295965?
5, 421, 139333
What are the prime factors of 9966168725?
5, 398646749
What are the prime factors of 3871525419?
3, 430169491
What are the prime factors of 6338481912?
2, 3, 7, 1063, 11831
What are the prime factors of 210451909?
23, 9150083
What are the prime factors of 115718225?
5, 7, 101, 6547
List the prime factors of 7736648816.
2, 13, 139, 267593
List the prime factors of 217602171.
3, 24178019
List the prime factors of 1185271972.
2, 23, 1399, 9209
L